uppose -117 = 4*i - l. Determine a(i).
16
Let h(z) = 7*z - 1 - 11 + z**2 + 2. Let t(f) = -9*f**3 + 2*f**2 + 1154*f - 1156. Let j be t(1). Calculate h(j).
8
Let g(w) = -9*w - 106. Suppose 0 = -4*i - 4*c - 48, -212*c + 53 = -5*i - 210*c. What is g(i)?
-7
Let i(y) = y**3 + 5*y**2 - y + 11. Let u(t) = -3*t**3 - 21*t**2 + 38*t + 260. Let b be u(-7). Calculate i(b).
-19
Let o(n) be the second derivative of 3*n**3/2 - 33*n**2/2 - 3*n - 3573. Give o(3).
-6
Let p(l) = 14560*l - 14562*l - 13*l**3 + 3 + 16*l**3. Give p(1).
4
Let r(l) be the first derivative of l**3/3 - 2*l**2 + 2. Suppose 4*x + 2*t = 188, 0*t - 3*t + 94 = 2*x. Suppose x - 39 = 2*y. Determine r(y).
0
Let n(r) = -r + 4. Suppose -2*g = 3*g - 15. Let w(o) = 31 - 18 - 78*o + 77*o. Let z be w(g). What is n(z)?
-6
Let j(a) = -a**3 + 21*a**2 - 17*a - 57. Let x be j(20). Let p(d) = -d**x + 2 + 0 - 25*d**2 + 33*d**2 + 11*d. What is p(9)?
20
Let q(v) be the second derivative of v**4/12 - v**3 - 3*v**2 - 16*v - 2. Give q(9).
21
Suppose l + 2*l + 28 = 2*q, 4*l + 44 = q. Let x(z) = -5*z - 9. Let i be x(-2). Let m be i*(1 + -10)*l/18. Let k(j) = j + 2. Determine k(m).
8
Let y = -95 - -90. Let f(k) be the first derivative of -k**4/4 - 5*k**3/3 - k**2/2 + 5*k - 23. Give f(y).
10
Let w(y) = -6*y**2 + 2*y - 1. Let q(g) = -2*g - 33 - 2*g + 10. Let j = 470 - 476. Let m be q(j). Determine w(m).
-5
Suppose 16 = -i + 35. Let w(t) = 3 + 14*t - t**2 - 43*t + 7*t + i*t. Determine w(-6).
-15
Let v = 17 + 218. Let y = 217 - v. Let i(d) = -d**2 - 16*d + 36. Determine i(y).
0
Let f(u) = u + u**3 + 20*u**2 - 20*u**2 + 8. Let p(r) = -5*r - 46. Let k be p(-18). Suppose -44 = -3*a - k. Calculate f(a).
8
Suppose -40*a = -26*a - 140. Let u(i) = i**3 - 8*i**2 - 18*i - 27. What is u(a)?
-7
Let a(b) = 2*b + 7. Let g = -94 + 82. Let m be g/(-138) + (-326)/46. Determine a(m).
-7
Suppose -5*q - 2*z = 5, 3*q - 4*z = -7*z + 6. Let s be ((-13)/4 - -3)/(q/(-12)). Let u be s + 2 + (5 - (5 + -8)). Let j(n) = n**2 - 9*n + 3. What is j(u)?
3
Let g(t) = 92*t - 273. Let r be g(3). Let i(o) be the first derivative of 1/4*o**4 + o**2 - o**3 - r*o + 10. Determine i(3).
3
Let r = 86 + -87. Let c(w) be the third derivative of -w**5/20 + w**4/8 + 2*w**3/3 - 455*w**2. Determine c(r).
-2
Let a be (-58)/87 - 4/(-6). Suppose i + 95 - 104 = a. Let v(y) = -3*y + 13. Calculate v(i).
-14
Let p = -5134 + 5113. Let v(d) = -3*d**2 - 61*d + 38. Calculate v(p).
-4
Let n be (-9 - -4)*72/60. Let l(s) = 8*s + 17. Let d(a) = -3*a - 6. Let r(k) = -11*d(k) - 4*l(k). What is r(n)?
-8
Suppose -4*l + 40 = -0. Suppose -7 + 27 = 5*s, 0 = 2*v + 5*s - l. Let w(f) = -f**2 - 7*f - 10. Calculate w(v).
0
Let z(v) = 3*v - 12. Let p be z(6). Let i(m) = m**3 - 5*m**2 + 7*m - 16. Let c(f) = -f**3 + 6*f**2 - 7*f + 10. Let s(h) = 3*c(h) + 2*i(h). Give s(p).
28
Suppose 4*f + 4*j - 39 - 5 = 0, -2*f + 37 = 5*j. Let s(m) = -m + 3 + 2 - f + 10. Calculate s(7).
2
Let v = 426 - 407. Let z(w) = 0 - 10*w + v*w - 6*w + 2 - 4*w. Determine z(-6).
8
Let l = -49214 + 49204. Let f(t) = -t**3 - 9*t**2 - 7*t - 5. Give f(l).
165
Suppose -13*s + 120 = 2*s. Let f(v) = 4*v - 2. Let l be f(3). Let r(n) = -l*n + 4*n - s + 0 + 5*n. Determine r(0).
-8
Let b(x) = -x**2 + 10*x + 2. Let k(l) = -3*l - 1. Let o(u) = 2*u**2 - 36*u - 8. Let m(q) = 5*k(q) - o(q). Let p(s) = -9*b(s) + 4*m(s). Determine p(8).
10
Let f(z) = -z**3 + 7*z**2 - 17*z + 4. Let b be 7 - (28/(-266) - 234/(-57)). Determine f(b).
-11
Let s be (1 + 1)*(-101)/(-2) - -2. Let f = s - 70. Suppose t = -36 + f. Let g(h) = -h - 5. Determine g(t).
-2
Let g(k) = 18*k + 2. Let q(i) = -78*i + 9. Let j(n) = 4*g(n) + q(n). What is j(4)?
-7
Let g(p) = -5*p + 50. Let a be g(8). Let j(z) be the third derivative of z**5/60 - 3*z**4/8 + 2*z**3 - 400*z**2. What is j(a)?
22
Let g(w) be the third derivative of 3*w**3 - 1/24*w**4 + 0 + 0*w + 94*w**2. Calculate g(0).
18
Let w(j) = 4*j - 21. Let m(z) = -6*z + 42. Let c(g) = 6*m(g) + 10*w(g). Determine c(-9).
6
Let y(n) = -24*n - 128. Let j(h) = -5*h - 28. Let s(d) = 16*j(d) - 3*y(d). Determine s(-13).
40
Let p(u) = 20*u + 5 - 2 - 12*u - 5*u. Determine p(4).
15
Let c(w) be the second derivative of w**4/6 - w**3/3 + 2*w. Let u(y) = -24*y + 99. Let a = 371 - 367. Let n be u(a). Calculate c(n).
12
Let z(c) = 3*c + c + 5*c - 2*c**2 + 3*c**2 + 1. Let y = 13263 + -13269. Determine z(y).
-17
Let a(f) = f**3 + 18*f**2 + 80*f - 4. Let d(w) = -1376*w - 9640. Let h be d(-7). Calculate a(h).
-4
Let p(r) = 15*r + 59. Let t(q) = -1193*q + 7155. Let s be t(6). Give p(s).
14
Let n(k) = 77*k - 9 + 129*k - 198*k. Calculate n(4).
23
Let f(g) be the first derivative of -g**4/4 - 4*g**3/3 - g**2/2 - g + 6. Give f(-3).
-7
Let x(s) = s + 3. Let h(i) = 222. Let v(r) = -27. Let z(a) = 4*h(a) + 33*v(a). Let b(m) = -x(m) - 2*z(m). What is b(-4)?
7
Let t = -147 - -154. Suppose 5*s - t*h - 32 = -10*h, -12 = -s - 2*h. Let c(o) = -23 + o + 22 + 0*o. What is c(s)?
3
Let c(h) be the second derivative of h**5/20 - 5*h**4/12 + h**3/2 + h**2/2 + 111*h. Suppose 0 = 20*r - 15*r - 25. Give c(r).
16
Let k = -102 + 123. Suppose -24 = 5*b + k. Let x(i) = -3*i + 1. Let f(v) = 14*v - 5. Let s(y) = b*x(y) - 2*f(y). Give s(5).
-4
Let a(r) be the first derivative of 3*r**3 + 15*r**2/2 + 12*r - 173. Let s(o) = -2*o**2 - o - 1. Let c(g) = -a(g) - 4*s(g). Calculate c(-8).
16
Let o(w) = -12*w + 246. Let j be o(20). Let x(f) = f**2 - 4*f + 13. What is x(j)?
25
Suppose -8 = -5*r + 12. Let f(x) = 10*x**3 - 18*x**2 + 13*x + 2. Let l(s) = -3*s**3 + 6*s**2 - 4*s - 1. Let q(j) = -2*f(j) - 7*l(j). Determine q(r).
-21
Let x(c) be the first derivative of -c**4/4 - 8*c**3/3 - 11*c**2/2 - 7*c - 5563. Determine x(-4).
-27
Let a(w) = -2*w**2 - 3. Suppose -3*s = -5*c + 15, -4*c = 4*s + 8 - 20. Suppose s = -14*b + 9 - 9. What is a(b)?
-3
Let h(z) = 2*z**2 - 12*z - 31. Let r be h(10). Let k(x) = -70 + 17 + r - x. Give k(7).
-11
Let c(y) = -3*y**3 + y**2 + 0*y**2 + 9*y - 10*y**3 + 9. Let o(h) = -3*h**3 + 2*h + 2. Let x(q) = -2*c(q) + 9*o(q). Let i be ((8 + -8)/3)/3 + -2. Determine x(i).
0
Let h be (-3 + 6)*4*(-4)/(-1440). Let x(j) be the third derivative of 1/24*j**4 + 0*j + 0 + 0*j**3 - h*j**5 - 2/15*j**6 + 16*j**2. Determine x(1).
-17
Suppose -453 - 461 = 104*m - 82. Let k(v) = -2*v**2 - 12*v + 2. What is k(m)?
-30
Suppose 5*h + 25 = 0, 4*x - 2*x - 4*h = 48. Suppose 5*t - y = x, -4*t + 2*y + 28 = -3*y. Let j(z) = -3*z - 6*z + z. Give j(t).
-16
Let q be (48/(-18) + 2)/((-5)/(-90)). Let t(v) = v**2 + 13*v + 9. What is t(q)?
-3
Let r(j) = -j**3 - 4*j**2 + 5*j. Suppose -2*k = l + 5, 0*l = -2*l - 5*k - 13. Let b be (l - (-42)/(-18))*(-12)/8. What is r(b)?
-14
Let x(h) be the third derivative of -h**5/6 - h**4/6 + h**3/6 - 222*h**2 + 11. Determine x(2).
-47
Let b(l) = -l - 34. Suppose -8*x = 2*x - 19*x - 144. Determine b(x).
-18
Let p(r) = -r**3 + 4*r**2 + 7*r - 6. Let h be p(5). Let x be 9 - (1 - 9)/h. Let v(g) = 7*g**2 + g**3 - 6*g - 2 + 16*g - x*g. Calculate v(-7).
5
Suppose 0 = -2*u, -n - 3*n = 3*u + 1892. Let h = n + 472. Let i(g) = -25*g**3 - g**2 - g. What is i(h)?
25
Let y(k) = 5*k - 4. Let w = -5473 - -5475. Determine y(w).
6
Let v(p) = 135*p**3 + 3*p**2 + 3*p + 1. Suppose -46*n + 2 = 5 + 43. Give v(n).
-134
Let a(o) = -2*o**2 + 4*o. Let k = 39 - 49. Let x be 128/k*(1/(-1) - -6). Let w = x - -68. Calculate a(w).
-16
Let n(w) = -w**2 - w - 1. Let x = -188 + 183. Let r(s) = s**3 - s**2 + 7*s - 3. Let f(q) = x*n(q) - r(q). What is f(6)?
-4
Let u = -12 - -20. Let y(a) be the third derivative of a**6/720 - a**5/15 - 5*a**4/8 + 21*a**2. Let r(d) be the second derivative of y(d). Calculate r(u).
0
Let k(v) = -v**2 + 6*v - 2. Let n(b) = b - 13. Let g be n(16). Suppose g*z + 0*z + 18 = 0. Let a(r) = r**2 - 5*r + 1. Let x(t) = z*a(t) - 5*k(t). Give x(0).
4
Suppose -2*k + l = 3, 0 = 8*k - 10*k + 3*l - 5. Let z(f) = 31*f - 1. Calculate z(k).
-32
Let x = 1 + 6. Let b(a) be the second derivative of a**7/2520 - a**6/90 + a**5/24 - 17*a**4/4 - a + 1. Let y(d) be the third derivative of b(d). What is y(x)?
-2
Let g(o) = 5*o**3 - 19*o**2 - o - 29. Let q(c) = 62*c**3 - 230*c**2 - 14*c - 346. Let z(d) = 25*g(d) - 2*q(d). What is z(15)?
12
Let b be 1/(8/6 - 1). Suppose 0 = -2*x + b*o, 2*o = 2*x - x + 1. Let c(i) = -3*i + x*i + 4*i + 2*i - 4. Determine c(3).
14
Let v(y) = y + 1. Suppose 3*z - a - 